What is q(296)?
-4
Let h(f) = f**3 - 6480*f**2 + 45310*f + 8. Calculate h(7).
1
Let o(t) = 64*t**2 + 6270*t - 420. What is o(-98)?
-224
Let f(w) = -w**3 - 4*w**2 - 116*w - 1007. Calculate f(-6).
-239
Let q(p) = 6*p**2 - 150*p - 635. What is q(15)?
-1535
Let q(a) = 3434*a + 116665. Give q(-34).
-91
Let q(g) = g**3 - 101*g**2 - 153*g - 8322. What is q(103)?
-2863
Let v(j) = -5*j**2 + 7985*j - 933446. What is v(1470)?
4
Let x(l) = 43*l**3 - 1634*l**2 - 204*l + 7748. Determine x(38).
-4
Let h(m) = -m**2 - 128591*m + 1285980. Give h(10).
-30
Let r(b) = -553*b**2 - 296*b + 1. Calculate r(-1).
-256
Let j(a) = -a**3 + 42*a**2 - 92*a - 538. Determine j(15).
4157
Let o(b) = 15100*b - 619092. Determine o(41).
8
Let x(l) = 521*l - 23913. Give x(47).
574
Let v(j) = -9*j**2 - 1420*j - 2809. Give v(-154).
2427
Let r(g) = -188*g + 2801. Give r(13).
357
Let y(c) = -55*c**2 - 860*c + 51. Calculate y(-16).
-269
Let n(w) = 4*w**3 + 436*w**2 + 2317*w - 15967. What is n(-103)?
-2
Let x(i) = -808*i**3 - 201*i**2 - 202*i - 2. Determine x(-1).
807
Let x(d) = -d**2 - 14203*d + 784168. What is x(55)?
-22
Let j(o) = -2*o**2 - 148*o - 1959. What is j(-57)?
-21
Let m(f) = -3*f**3 - 5235*f**2 + 42065*f + 52. What is m(8)?
-4
Let l(o) = -o**3 + 7*o**2 + 2083*o - 26045. Determine l(13).
20
Let h(w) = -2*w**3 - 13*w**2 + 749*w + 6804. Calculate h(-10).
14
Let a(k) = -k**3 + 183*k**2 - 1110*k - 9. Give a(6).
-297
Let k(h) = 11*h**3 - 140*h**2 + 17*h - 23. Determine k(8).
-3215
Let t(u) = 98*u**3 - 16754*u**2 - 688*u + 668. Determine t(171).
-16
Let p(o) = -2*o**2 + 1873*o + 59902. Determine p(-31).
-83
Let p(a) = -1098*a + 91723. Give p(83).
589
Let m(i) = -82*i**2 - 25*i + 24. What is m(2)?
-354
Let m(q) = 13816*q - 2279651. Calculate m(165).
-11
Let d(m) = 141949*m - 17601687. Give d(124).
-11
Let x(n) = 2737*n + 670786. Determine x(-245).
221
Let s(d) = 182*d**2 - 1808*d - 114. Determine s(10).
6
Let u(c) = -c**3 + 56*c**2 - 1242*c - 70359. What is u(-23)?
-2
Let j(v) = 4*v**3 - 10*v**2 - 68*v + 16. Give j(6).
112
Let k(u) = -6*u**3 - 124*u**2 + 675*u - 850. Give k(2).
-44
Let t(q) = q**2 - 49*q + 447. Calculate t(18).
-111
Let j(c) = 3*c**2 + 8060*c + 120220. Determine j(-15).
-5
Let a(l) = -62*l**2 - 241*l - 86. Calculate a(9).
-7277
Let n(r) = -7*r**3 + 26*r**2 - 75*r + 96. Give n(2).
-6
Let u(d) = 9*d**2 + 72928*d - 364859. Determine u(5).
6
Let t(i) = i**2 + 264*i + 6313. Determine t(-25).
338
Let v(b) = -1097*b**2 + 13157*b + 36. Calculate v(12).
-48
Let u(y) = 67*y**2 + 2591*y - 3580. What is u(-40)?
-20
Let m(d) = -198621*d + 17677284. What is m(89)?
15
Let k(y) = -6189*y**2 + 6168*y - 2. Give k(1).
-23
Let p(u) = -204810*u + 13107841. Determine p(64).
1
Let b(c) = 4*c**2 - 1404*c + 122982. Determine b(168).
6
Let q(d) = 3*d**2 + 273*d + 2711. Calculate q(-11).
71
Let i(c) = -c**2 - 26*c - 551. Determine i(38).
-2983
Let k(s) = s**2 - 616348*s + 8012354. Determine k(13).
-1
Let u(f) = f**2 - 12*f - 29. What is u(10)?
-49
Let l(h) = -3447*h - 751422. Determine l(-218).
24
Let v(x) = -x**3 - 6*x**2 + 399*x - 1970. Determine v(6).
-8
Let j(u) = -24*u**2 - 1179*u - 7991. Determine j(-41).
4
Let j(y) = 64570*y - 387318. Calculate j(6).
102
Let s(h) = 144*h**2 + 857*h + 38. Determine s(-6).
80
Let b(z) = -2*z**3 + 910*z**2 + 81930*z + 141. What is b(-77)?
-13
Let p(j) = j**3 + 58*j**2 - 916*j - 53119. Give p(-58).
9
Let q(w) = -6*w**2 + 519*w - 2171. Calculate q(82).
43
Let b(a) = 387*a - 4845. Calculate b(12).
-201
Let z(s) = 5*s**3 + 408*s**2 + 241*s - 278. What is z(-81)?
-116
Let c(r) = 1959*r**2 - 83883*r - 15218. Determine c(43).
4
Let b(z) = -z**2 + 68001*z + 1632606. What is b(-24)?
6
Let m(t) = -264*t + 75101. Give m(288).
-931
Let l(x) = 20*x**2 - 440*x - 1466. Give l(26).
614
Let p(n) = -2395*n - 11981. What is p(-5)?
-6
Let d(g) = -g**2 - 12524*g - 324953. Determine d(-26).
-5
Let l(m) = 4*m**3 - 2*m**2 - 362*m + 1007. Give l(3).
11
Let g(d) = -151*d + 16660. Give g(111).
-101
Let a(q) = -31*q**3 - 6945*q**2 - 222*q + 447. Give a(-224).
-1
Let h(n) = -177*n + 1851. Determine h(8).
435
Let s(a) = a**3 - 19*a**2 - 194*a - 706. Determine s(27).
-112
Let d(t) = 63*t**3 - 16822*t**2 + 97*t + 45402. Give d(267).
12
Let g(t) = -1360*t - 136131. Calculate g(-100).
-131
Let q(v) = 2719*v + 388819. Give q(-143).
2
Let d(w) = w**2 - 431*w + 5415. What is d(13)?
-19
Let r(p) = -6814*p - 37968. Calculate r(-6).
2916
Let i(b) = 19388*b + 930586. Calculate i(-48).
-38
Let v(b) = 4*b**2 + 92*b + 141. Determine v(-19).
-163
Let k(c) = 2*c**2 - 8579*c + 34320. Calculate k(4).
36
Let k(l) = l**3 - 69*l**2 - 266*l - 1651. Give k(73).
247
Let m(x) = -15*x**2 - 10111*x - 20837. Give m(-672).
-5
Let z(j) = 65491*j**2 - 130976*j - 2. Calculate z(2).
10
Let g(p) = -176*p**2 + 1236*p - 70. Determine g(7).
-42
Let a(b) = 2263*b - 4394. Determine a(2).
132
Let p(s) = -8*s**3 - s**2 - 23*s - 20. Give p(-1).
10
Let r(q) = 6*q**2 + 49147*q + 245518. What is r(-5)?
-67
Let l(n) = 457*n - 25147. Determine l(55).
-12
Let k(n) = -5666*n - 98030. Determine k(-17).
-1708
Let s(h) = 632*h - 46028. Determine s(76).
2004
Let c(f) = f**2 + 390*f + 19412. Determine c(-59).
-117
Let z(v) = 5520*v + 298090. Calculate z(-54).
10
Let v(c) = 9540*c - 18624. Calculate v(2).
456
Let g(o) = -6*o**3 + 21*o**2 + 47*o - 26. Determine g(5).
-16
Let i(b) = b**3 - 20*b**2 - 776*b - 423. Determine i(-19).
242
Let z(i) = 88*i**2 + 47*i - 53. Calculate z(-3).
598
Let j(x) = 135*x - 23081. Calculate j(170).
-131
Let n(s) = s**3 + 168*s**2 + 2464*s + 4914. What is n(-152)?
50
Let n(j) = -2*j**2 + 600*j + 42323. Give n(-59).
-39
Let p(j) = 70*j + 6315. What is p(-91)?
-55
Let u(p) = -1364148*p - 42288573. What is u(-31)?
15
Let l(w) = -3260*w**2 + 117359*w - 39. What is l(36)?
-75
Let g(q) = -159*q + 7366. Calculate g(46).
52
Let k(m) = 174*m - 4777. Determine k(28).
95
Let v(j) = -3699*j - 270029. Calculate v(-73).
-2
Let q(v) = 24*v**2 + 198*v - 976. Calculate q(5).
614
Let x(b) = -2*b**3 - 197*b**2 - 3536*b - 938. Determine x(-75).
-113
Let y(m) = -m**3 - 35*m**2 + 11469*m - 252. Determine y(91).
21
Let w(s) = -s**3 + 67*s**2 - 6*s + 54. Give w(67).
-348
Let t(j) = -j**2 + 25*j - 320. Determine t(23).
-274
Let c(i) = 812*i**2 + 188*i + 191. What is c(-1)?
815
Let z(w) = w**2 + 3401*w + 355297. Determine z(-108).
-347
Let t(n) = -n**2 - 53*n - 509. Calculate t(-10).
-79
Let q(d) = 9606*d + 826122. What is q(-86)?
6
Let d(w) = -41981*w - 1301376. Give d(-31).
35
Let w(i) = 5*i**2 - 147*i - 3637. Give w(-16).
-5
Let q(t) = 33*t**2 - 936*t - 3848. Give q(32).
-8
Let z(f) = -2267*f**2 - 9178*f - 20. Give z(-4).
420
Let k(u) = 3*u**3 + 82*u**2 + 422*u + 8229. Determine k(-26).
-39
Let n(v) = -5*v**2 + 4998*v + 101963. Calculate n(-20).
3
Let h(i) = -i**3 - 116*i**2 - 310*i + 3187. Calculate h(-113).
-90
Let v(r) = -6360*r + 71901. Calculate v(11).
1941
Let o(i) = -6522*i - 371514. Give o(-57).
240
Let h(f) = -2648*f - 84730. Give h(-32).
6
Let z(o) = o**3 + 19*o**2 - 242*o - 4794. Calculate z(-18).
-114
Let n(t) = 82536*t + 330145. What is n(-4)?
1
Let t(m) = -8*m**2 + 1199*m - 1043. Calculate t(149).
0
Let k(z) = -10019*z + 260265. Determine k(26).
-229
Let b(t) = 430*t**2 + 8587*t - 255. Give b(-20).
5
Let q(a) = 2*a**3 - 322*a**2 + 120*a - 19324. Determine q(161).
-4
Let x(n) = 95*n**2 - 400*n + 1019. Give x(5).
1394
Let c(y) = -2309*y + 588793. Determine c(255).
-2
Let x(g) = 425*g**2 - 755*g - 134. Calculate x(2).
56
Let j(o) = 2*o**3 - 342*o**2 + 1337*o + 96. Determine j(167).
263
Let x(h) = 5*h**2 + 679*h - 100339. Give x(-225).
11
Let b(d) = 3107253*d - 31072526. Calculate b(10).
4
Let a(h) = -272*h**2 - 1381*h - 89. What is a(-5)?
16
Let k(m) = -7*m**2 - 42*m - 9. Calculate k(-17).
-1318
Let j(w) = 127*w**3 - 311*w**2 - 7*w + 9. Give j(4).
3133
Let f(v) = 2*v**2 + 5015*v - 40255. What is f(8)?
-7
Let f(b) = -3*b**3 + 56*b**2 + 200*b + 568. Determine f(22).
128
Let y(v) = -v**2 - v + 1037. What is y(40)?
-603
Let x(v) = v**2 + 283*v - 148534. Give x(-552).
-46
Let p(r) = 1366*r + 125635. Calculate p(-92).
-37
Let x(y) = -20761*y - 83040. Calculate x(-4).
4
Let a(t) = -84*t - 2016. Calculate a(-30).
504
Let t(x) = -x**2 - 11*x + 343. Give t(13).
31
Let o(h) = -h**3 - 55*h**2 + 32*h + 4450. What is o(-54)?
-194
Le